{"id":16818,"date":"2015-10-20T10:04:13","date_gmt":"2015-10-20T08:04:13","guid":{"rendered":"http:\/\/reisecenter-michel.de\/inhalt\/?page_id=16818"},"modified":"2025-04-28T09:45:25","modified_gmt":"2025-04-28T07:45:25","slug":"unser-team","status":"publish","type":"page","link":"https:\/\/reisecenter-michel.de\/index.php\/unser-team\/","title":{"rendered":"UNSER TEAM"},"content":{"rendered":"<p>[vc_row css_animation=&#8220;&#8220; row_type=&#8220;row&#8220; use_row_as_full_screen_section=&#8220;no&#8220; type=&#8220;full_width&#8220; angled_section=&#8220;no&#8220; text_align=&#8220;left&#8220; background_image_as_pattern=&#8220;without_pattern&#8220; css=&#8220;.vc_custom_1445330233824{background-color: #729fc9 !important;}&#8220;][vc_column][vc_column_text]<\/p>\n<div id=\"qode-wir-fuer-sie\"       class=\"carousel slide   responsive_height q_auto_start   header_not_transparent  \" data-slide_animation=\"6000\" data-height='233' data-parallax=\"no\" style=\"height: 233px;\"><div class=\"qode_slider_preloader\"><div class=\"ajax_loader\" style=\"margin-top:75px;\"><div class=\"ajax_loader_1\"><div class=\"pulse\"><\/div><\/div><\/div><\/div><div class=\"carousel-inner relative_position\" ><div class=\"item    \"   style=\"height: 233px;  \"><div class=\"image\" style=\"background-image:url(https:\/\/reisecenter-michel.de\/inhalt\/wp-content\/uploads\/2020\/10\/hero-ueber-uns-15-10-2020.jpg);\"><img decoding=\"async\" itemprop=\"image\" src=\"https:\/\/reisecenter-michel.de\/inhalt\/wp-content\/uploads\/2020\/10\/hero-ueber-uns-15-10-2020.jpg\" alt=\"WIR F\u00dcR SIE\"><\/div><div class=\"slider_content_outer\"><div class=\"slider_content \" style=\"width:50%;left: 25%;top: 20%;\"  data-0=\" opacity: 1; width:50%; left: 25%; top: 20%;\"  data-300=\" opacity: 0; left: 25%; top: 10%;\"><div class=\"text all_at_once no_subtitle no_separator\"><p class=\"q_slide_text\" style=\"text-shadow: none;\" ><span><\/span><\/p><\/div><\/div><\/div><\/div><\/div><\/div>\n<p>[\/vc_column_text][\/vc_column][\/vc_row][vc_row css_animation=&#8220;&#8220; row_type=&#8220;row&#8220; use_row_as_full_screen_section=&#8220;no&#8220; type=&#8220;grid&#8220; angled_section=&#8220;no&#8220; text_align=&#8220;center&#8220; background_image_as_pattern=&#8220;without_pattern&#8220; css=&#8220;.vc_custom_1445342577367{margin-top: 10px !important;padding-top: 20px !important;padding-bottom: 20px !important;background-color: #729fc9 !important;}&#8220;][vc_column][vc_column_text]<span style=\"color: #ffffff;\"><strong><span style=\"font-size: 16px; text-align: center;\">Wir vom TUI TRAVEL<em>Star<\/em> RCM &#8211; Ihr Reisecenter Michel GmbH sind Ihre kompetenten Ansprechpartner f\u00fcr die Planung und Buchung Ihrer individuellen Reise. Um uns noch n\u00e4her kennenzulernen und sich von unserer Beratungsqualit\u00e4t \u00fcberzeugen zu lassen, empfehlen wir Ihnen, einen exklusiven Beratungstermin mit uns zu vereinbaren. Somit k\u00f6nnen wir ausreichend Zeit f\u00fcr Sie einplanen, um ihre individuellen W\u00fcnsche vollst\u00e4ndig zu ermitteln.<\/span><\/strong><\/span>[\/vc_column_text][\/vc_column][\/vc_row][vc_row css_animation=&#8220;&#8220; row_type=&#8220;row&#8220; use_row_as_full_screen_section=&#8220;no&#8220; type=&#8220;grid&#8220; anchor=&#8220;portfolio&#8220; angled_section=&#8220;no&#8220; text_align=&#8220;left&#8220; background_image_as_pattern=&#8220;without_pattern&#8220; background_color=&#8220;#ffffff&#8220; border_color=&#8220;#efefef&#8220; padding_top=&#8220;57&#8243; padding_bottom=&#8220;0&#8243; css=&#8220;.vc_custom_1445246978776{background-color: #ffffff !important;border-color: #ffffff !important;}&#8220;][vc_column][vc_row_inner row_type=&#8220;row&#8220; type=&#8220;full_width&#8220; text_align=&#8220;left&#8220; css_animation=&#8220;&#8220; css=&#8220;.vc_custom_1445246945896{background-color: #ffffff !important;}&#8220;][vc_column_inner width=&#8220;1\/4&#8243;][vc_gallery type=&#8220;image_grid&#8220; images=&#8220;23491&#8243; img_size=&#8220;full&#8220; column_number=&#8220;0&#8243; grayscale=&#8220;no&#8220; images_space=&#8220;gallery_without_space&#8220;][vc_separator type=&#8220;transparent&#8220; thickness=&#8220;10px&#8220;][vc_column_text]<\/p>\n<p style=\"text-align: left;\"><strong>JANA M\u00dcLLER<br \/>\n<\/strong><strong>Gesch\u00e4ftsf\u00fchrerin &amp; Reiseberaterin<br \/>\n<\/strong><br \/>\nTel. 0611 \u2013 97 444 \u2013 14<br \/>\n<a href=\"mailto:jana.mueller@reisecenter-michel.de\">Jana.Mueller@reisecenter-michel.de<\/a><\/p>\n<p>Ich bin\u00a0f\u00fcr\u00a0Sie an folgenden Tagen da:<br \/>\nMontag, Dienstag, Donnerstag &amp; Freitag:<br \/>\n10:00 Uhr &#8211; 17:00 Uhr<\/p>\n<p>[\/vc_column_text][\/vc_column_inner][vc_column_inner width=&#8220;1\/4&#8243;][vc_gallery type=&#8220;image_grid&#8220; images=&#8220;23498&#8243; img_size=&#8220;full&#8220; column_number=&#8220;0&#8243; grayscale=&#8220;no&#8220; images_space=&#8220;gallery_without_space&#8220;][vc_separator type=&#8220;transparent&#8220; thickness=&#8220;10px&#8220;][vc_column_text]<\/p>\n<p style=\"text-align: left;\"><strong>MARKUS MICHEL<br \/>\nReiseberater<\/strong><\/p>\n<p>&nbsp;<\/p>\n<p>Tel. 0611 \u2013 97 444 \u2013\u00a00<br \/>\n<a href=\"mailto:Markus.Michel@reisecenter-michel.de\">Markus.Michel@reisecenter-michel.de<\/a><\/p>\n<p>[\/vc_column_text][\/vc_column_inner][vc_column_inner width=&#8220;1\/4&#8243;][vc_gallery type=&#8220;image_grid&#8220; images=&#8220;23493&#8243; img_size=&#8220;full&#8220; column_number=&#8220;0&#8243; grayscale=&#8220;no&#8220; images_space=&#8220;gallery_without_space&#8220;][vc_separator type=&#8220;transparent&#8220; thickness=&#8220;10px&#8220;][vc_column_text]<\/p>\n<p style=\"text-align: left;\"><strong>KRISTINA DEIS<\/strong><br \/>\n<strong>Reiseberaterin<\/strong><\/p>\n<p>&nbsp;<\/p>\n<p>Tel. 0611 \u2013 97 444 \u2013\u00a013<br \/>\n<a href=\"mailto:Kristina.Deis@reisecenter-michel.de\">Kristina.Deis@reisecenter-michel.de<\/a><\/p>\n<p>[\/vc_column_text][\/vc_column_inner][vc_column_inner width=&#8220;1\/4&#8243;][vc_gallery type=&#8220;image_grid&#8220; images=&#8220;23494&#8243; img_size=&#8220;full&#8220; column_number=&#8220;0&#8243; grayscale=&#8220;no&#8220; images_space=&#8220;gallery_without_space&#8220;][vc_separator type=&#8220;transparent&#8220; thickness=&#8220;10px&#8220;][vc_column_text]<\/p>\n<p style=\"text-align: left;\"><strong>TINA SOCCIO<br \/>\nReiseberaterin<\/strong><\/p>\n<p>&nbsp;<\/p>\n<p>Tel. 0611 \u2013 97 444 \u2013 12<br \/>\n<a href=\"mailto:Tina.Soccio@reisecenter-michel.de\">Tina.Soccio@reisecenter-michel.de<\/a><\/p>\n<p style=\"text-align: left;\">Ich bin\u00a0f\u00fcr\u00a0Sie an folgenden Tagen da:<br \/>\nMontag &amp; Mittwoch:<br \/>\n10:00 Uhr &#8211; 17:00 Uhr<br \/>\nDienstag, Donnerstag &amp; Freitag:<br \/>\n10:00 Uhr &#8211; 16:00 Uhr<\/p>\n<p>\u00a0[\/vc_column_text][\/vc_column_inner][\/vc_row_inner][\/vc_column][\/vc_row][vc_row css_animation=&#8220;&#8220; row_type=&#8220;row&#8220; use_row_as_full_screen_section=&#8220;no&#8220; type=&#8220;grid&#8220; anchor=&#8220;portfolio&#8220; angled_section=&#8220;no&#8220; text_align=&#8220;left&#8220; background_image_as_pattern=&#8220;without_pattern&#8220; background_color=&#8220;#ffffff&#8220; border_color=&#8220;#efefef&#8220; padding_top=&#8220;20&#8243; padding_bottom=&#8220;0&#8243; css=&#8220;.vc_custom_1445332904853{margin-bottom: 30px !important;background-color: #ffffff !important;border-color: #ffffff !important;}&#8220;][vc_column][vc_row_inner row_type=&#8220;row&#8220; type=&#8220;full_width&#8220; text_align=&#8220;left&#8220; css_animation=&#8220;&#8220; css=&#8220;.vc_custom_1445246945896{background-color: #ffffff !important;}&#8220;][vc_column_inner width=&#8220;1\/3&#8243; css=&#8220;.vc_custom_1445330634676{margin-bottom: 10px !important;}&#8220;][vc_gallery type=&#8220;image_grid&#8220; images=&#8220;16863&#8243; img_size=&#8220;full&#8220; column_number=&#8220;0&#8243; grayscale=&#8220;no&#8220; images_space=&#8220;gallery_without_space&#8220;][\/vc_column_inner][vc_column_inner width=&#8220;1\/3&#8243; css=&#8220;.vc_custom_1445330642699{margin-bottom: 10px !important;}&#8220;][vc_gallery type=&#8220;image_grid&#8220; images=&#8220;23520&#8243; img_size=&#8220;full&#8220; column_number=&#8220;0&#8243; grayscale=&#8220;no&#8220; images_space=&#8220;gallery_without_space&#8220;][\/vc_column_inner][vc_column_inner width=&#8220;1\/3&#8243; css=&#8220;.vc_custom_1445330648691{margin-bottom: 10px !important;}&#8220;][vc_gallery type=&#8220;image_grid&#8220; images=&#8220;16864&#8243; img_size=&#8220;full&#8220; column_number=&#8220;0&#8243; grayscale=&#8220;no&#8220; images_space=&#8220;gallery_without_space&#8220;][\/vc_column_inner][\/vc_row_inner][vc_separator type=&#8220;transparent&#8220; up=&#8220;12&#8243; down=&#8220;8&#8243;][vc_column_text]<\/p>\n<p>Unser Reiseb\u00fcro befindet sich im Zentrum von Wiesbaden-Biebrich. Unsere komplett sanierten, klimatisierten Altbaur\u00e4ume mit hellen, mediterranen Farben und geschmackvoller Einrichtung sind der ideale Ort, um in entspannter Atmosph\u00e4re Urlaubsstimmung aufkommen zu lassen. Besuchen Sie uns und lassen Sie sich von unseren zahlreichen Urlaubsangeboten inspirieren!<\/p>\n<p>[\/vc_column_text][vc_separator type=&#8220;transparent&#8220; up=&#8220;12&#8243; down=&#8220;8&#8243;][vc_column_text]<\/p>\n<p>Nach der freundlichen Begr\u00fcssung\u00a0 nehmen wir uns ausreichend Zeit f\u00fcr Sie und Ihre pers\u00f6nliche Beratung. Falls es zu einer kurzen Wartezeit kommen sollte, haben Sie die M\u00f6glichkeit, bei einem Getr\u00e4nk bereits ein bisschen in unseren Angeboten zu st\u00f6bern. Anschlie\u00dfend werden Sie von ihrem Wunschberater zu einem unserer Beratungstische gef\u00fchrt. Somit garantieren wir Ihnen die angemessene Privatsph\u00e4re f\u00fcr ein individuelles Beratungsggespr\u00e4ch.<\/p>\n<p>[\/vc_column_text][vc_separator type=&#8220;transparent&#8220; up=&#8220;12&#8243; down=&#8220;8&#8243;][vc_column_text]<\/p>\n<p>Nutzen Sie die Chance, vorab einen Beratungstermin mit uns zu vereinbaren, damit wir uns bestm\u00f6glich auf die Zeit mit Ihnen vorbereiten k\u00f6nnen und Sie keine unn\u00f6tigen Wartezeiten haben. <strong><em>Wir freuen uns auf Sie!<\/em><\/strong><\/p>\n<p>[\/vc_column_text][\/vc_column][\/vc_row][vc_row css_animation=&#8220;&#8220; row_type=&#8220;row&#8220; use_row_as_full_screen_section=&#8220;no&#8220; type=&#8220;grid&#8220; angled_section=&#8220;no&#8220; text_align=&#8220;left&#8220; background_image_as_pattern=&#8220;without_pattern&#8220; background_color=&#8220;#729fc9&#8243;][vc_column][vc_row_inner row_type=&#8220;row&#8220; type=&#8220;full_width&#8220; text_align=&#8220;center&#8220; css_animation=&#8220;&#8220; padding=&#8220;5&#8243;][vc_column_inner width=&#8220;3\/4&#8243;][vc_separator type=&#8220;transparent&#8220; up=&#8220;20&#8243; down=&#8220;0&#8243;][vc_column_text css=&#8220;.vc_custom_1620752958923{padding-top: 0px !important;padding-bottom: 30px !important;}&#8220;]<\/p>\n<h4 style=\"margin-top: 10px; font-size: 15px; text-align: left;\"><span style=\"color: #ffffff;\"><strong>Telefon: 0611 &#8211; 9 74 44-0<\/strong><\/span><\/h4>\n<h4 style=\"margin-top: 10px; font-size: 15px; text-align: left;\"><span style=\"color: #ffffff;\"><strong>E-Mail: info@reisecenter-michel.de<\/strong><\/span><\/h4>\n<p>[\/vc_column_text][\/vc_column_inner][vc_column_inner width=&#8220;1\/4&#8243;][vc_separator type=&#8220;transparent&#8220; up=&#8220;38&#8243; down=&#8220;0&#8243;]<a  itemprop=\"url\" href=\"mailto:info@reisecenter-michel.de\" target=\"_self\" data-hover-background-color=#f9f9f9 data-hover-border-color=#f9f9f9 data-hover-color=#000000 class=\"qbutton  default\" style=\"color: #000000; border-color: #ffffff; background-color: #ffffff;\">KONTAKT AUFNEHMEN!<\/a>[vc_separator type=&#8220;transparent&#8220; up=&#8220;42&#8243; down=&#8220;0&#8243;][\/vc_column_inner][\/vc_row_inner][\/vc_column][\/vc_row]<\/p>\n","protected":false},"excerpt":{"rendered":"<p>[vc_row css_animation=&#8220;&#8220; row_type=&#8220;row&#8220; use_row_as_full_screen_section=&#8220;no&#8220; type=&#8220;full_width&#8220; angled_section=&#8220;no&#8220; text_align=&#8220;left&#8220; background_image_as_pattern=&#8220;without_pattern&#8220; css=&#8220;.vc_custom_1445330233824{background-color: #729fc9 !important;}&#8220;][vc_column][vc_column_text] [\/vc_column_text][\/vc_column][\/vc_row][vc_row css_animation=&#8220;&#8220; row_type=&#8220;row&#8220; use_row_as_full_screen_section=&#8220;no&#8220; type=&#8220;grid&#8220; angled_section=&#8220;no&#8220; text_align=&#8220;center&#8220; background_image_as_pattern=&#8220;without_pattern&#8220; css=&#8220;.vc_custom_1445342577367{margin-top: 10px !important;padding-top: 20px !important;padding-bottom: 20px !important;background-color: #729fc9 !important;}&#8220;][vc_column][vc_column_text]Wir vom TUI TRAVELStar RCM &#8211; Ihr Reisecenter Michel GmbH sind Ihre kompetenten Ansprechpartner f\u00fcr die Planung und&#8230;<\/p>\n","protected":false},"author":1,"featured_media":0,"parent":0,"menu_order":0,"comment_status":"open","ping_status":"open","template":"full_width.php","meta":{"footnotes":""},"class_list":["post-16818","page","type-page","status-publish","hentry"],"_links":{"self":[{"href":"https:\/\/reisecenter-michel.de\/index.php\/wp-json\/wp\/v2\/pages\/16818","targetHints":{"allow":["GET"]}}],"collection":[{"href":"https:\/\/reisecenter-michel.de\/index.php\/wp-json\/wp\/v2\/pages"}],"about":[{"href":"https:\/\/reisecenter-michel.de\/index.php\/wp-json\/wp\/v2\/types\/page"}],"author":[{"embeddable":true,"href":"https:\/\/reisecenter-michel.de\/index.php\/wp-json\/wp\/v2\/users\/1"}],"replies":[{"embeddable":true,"href":"https:\/\/reisecenter-michel.de\/index.php\/wp-json\/wp\/v2\/comments?post=16818"}],"version-history":[{"count":139,"href":"https:\/\/reisecenter-michel.de\/index.php\/wp-json\/wp\/v2\/pages\/16818\/revisions"}],"predecessor-version":[{"id":28971,"href":"https:\/\/reisecenter-michel.de\/index.php\/wp-json\/wp\/v2\/pages\/16818\/revisions\/28971"}],"wp:attachment":[{"href":"https:\/\/reisecenter-michel.de\/index.php\/wp-json\/wp\/v2\/media?parent=16818"}],"curies":[{"name":"wp","href":"https:\/\/api.w.org\/{rel}","templated":true}]}}

<p>[vc_row css_animation=&#8220;&#8220; row_type=&#8220;row&#8220; use_row_as_full_screen_section=&#8220;no&#8220; type=&#8220;full_width&#8220; angled_section=&#8220;no&#8220; text_align=&#8220;left&#8220; background_image_as_pattern=&#8220;without_pattern&#8220; css=&#8220;.vc_custom_1445330233824{background-color: #729fc9 !important;}&#8220;][vc_column][vc_column_text]</p>
<div id="qode-wir-fuer-sie"       class="carousel slide   responsive_height q_auto_start   header_not_transparent  " data-slide_animation="6000" data-height='233' data-parallax="no" style="height: 233px;"><div class="qode_slider_preloader"><div class="ajax_loader" style="margin-top:75px;"><div class="ajax_loader_1"><div class="pulse"></div></div></div></div><div class="carousel-inner relative_position" ><div class="item    "   style="height: 233px;  "><div class="image" style="background-image:url(https://reisecenter-michel.de/inhalt/wp-content/uploads/2020/10/hero-ueber-uns-15-10-2020.jpg);"><img decoding="async" itemprop="image" src="https://reisecenter-michel.de/inhalt/wp-content/uploads/2020/10/hero-ueber-uns-15-10-2020.jpg" alt="WIR FÜR SIE"></div><div class="slider_content_outer"><div class="slider_content " style="width:50%;left: 25%;top: 20%;"  data-0=" opacity: 1; width:50%; left: 25%; top: 20%;"  data-300=" opacity: 0; left: 25%; top: 10%;"><div class="text all_at_once no_subtitle no_separator"><p class="q_slide_text" style="text-shadow: none;" ><span></span></p></div></div></div></div></div></div>
<p>[/vc_column_text][/vc_column][/vc_row][vc_row css_animation=&#8220;&#8220; row_type=&#8220;row&#8220; use_row_as_full_screen_section=&#8220;no&#8220; type=&#8220;grid&#8220; angled_section=&#8220;no&#8220; text_align=&#8220;center&#8220; background_image_as_pattern=&#8220;without_pattern&#8220; css=&#8220;.vc_custom_1445342577367{margin-top: 10px !important;padding-top: 20px !important;padding-bottom: 20px !important;background-color: #729fc9 !important;}&#8220;][vc_column][vc_column_text]<span style="color: #ffffff;"><strong><span style="font-size: 16px; text-align: center;">Wir vom TUI TRAVEL<em>Star</em> RCM &#8211; Ihr Reisecenter Michel GmbH sind Ihre kompetenten Ansprechpartner für die Planung und Buchung Ihrer individuellen Reise. Um uns noch näher kennenzulernen und sich von unserer Beratungsqualität überzeugen zu lassen, empfehlen wir Ihnen, einen exklusiven Beratungstermin mit uns zu vereinbaren. Somit können wir ausreichend Zeit für Sie einplanen, um ihre individuellen Wünsche vollständig zu ermitteln.</span></strong></span>[/vc_column_text][/vc_column][/vc_row][vc_row css_animation=&#8220;&#8220; row_type=&#8220;row&#8220; use_row_as_full_screen_section=&#8220;no&#8220; type=&#8220;grid&#8220; anchor=&#8220;portfolio&#8220; angled_section=&#8220;no&#8220; text_align=&#8220;left&#8220; background_image_as_pattern=&#8220;without_pattern&#8220; background_color=&#8220;#ffffff&#8220; border_color=&#8220;#efefef&#8220; padding_top=&#8220;57&#8243; padding_bottom=&#8220;0&#8243; css=&#8220;.vc_custom_1445246978776{background-color: #ffffff !important;border-color: #ffffff !important;}&#8220;][vc_column][vc_row_inner row_type=&#8220;row&#8220; type=&#8220;full_width&#8220; text_align=&#8220;left&#8220; css_animation=&#8220;&#8220; css=&#8220;.vc_custom_1445246945896{background-color: #ffffff !important;}&#8220;][vc_column_inner width=&#8220;1/4&#8243;][vc_gallery type=&#8220;image_grid&#8220; images=&#8220;23491&#8243; img_size=&#8220;full&#8220; column_number=&#8220;0&#8243; grayscale=&#8220;no&#8220; images_space=&#8220;gallery_without_space&#8220;][vc_separator type=&#8220;transparent&#8220; thickness=&#8220;10px&#8220;][vc_column_text]</p>
<p style="text-align: left;"><strong>JANA MÜLLER<br />
</strong><strong>Geschäftsführerin &amp; Reiseberaterin<br />
</strong><br />
Tel. 0611 – 97 444 – 14<br />
<a href="mailto:jana.mueller@reisecenter-michel.de">Jana.Mueller@reisecenter-michel.de</a></p>
<p>Ich bin für Sie an folgenden Tagen da:<br />
Montag, Dienstag, Donnerstag &amp; Freitag:<br />
10:00 Uhr &#8211; 17:00 Uhr</p>
<p>[/vc_column_text][/vc_column_inner][vc_column_inner width=&#8220;1/4&#8243;][vc_gallery type=&#8220;image_grid&#8220; images=&#8220;23498&#8243; img_size=&#8220;full&#8220; column_number=&#8220;0&#8243; grayscale=&#8220;no&#8220; images_space=&#8220;gallery_without_space&#8220;][vc_separator type=&#8220;transparent&#8220; thickness=&#8220;10px&#8220;][vc_column_text]</p>
<p style="text-align: left;"><strong>MARKUS MICHEL<br />
Reiseberater</strong></p>
<p>&nbsp;</p>
<p>Tel. 0611 – 97 444 – 0<br />
<a href="mailto:Markus.Michel@reisecenter-michel.de">Markus.Michel@reisecenter-michel.de</a></p>
<p>[/vc_column_text][/vc_column_inner][vc_column_inner width=&#8220;1/4&#8243;][vc_gallery type=&#8220;image_grid&#8220; images=&#8220;23493&#8243; img_size=&#8220;full&#8220; column_number=&#8220;0&#8243; grayscale=&#8220;no&#8220; images_space=&#8220;gallery_without_space&#8220;][vc_separator type=&#8220;transparent&#8220; thickness=&#8220;10px&#8220;][vc_column_text]</p>
<p style="text-align: left;"><strong>KRISTINA DEIS</strong><br />
<strong>Reiseberaterin</strong></p>
<p>&nbsp;</p>
<p>Tel. 0611 – 97 444 – 13<br />
<a href="mailto:Kristina.Deis@reisecenter-michel.de">Kristina.Deis@reisecenter-michel.de</a></p>
<p>[/vc_column_text][/vc_column_inner][vc_column_inner width=&#8220;1/4&#8243;][vc_gallery type=&#8220;image_grid&#8220; images=&#8220;23494&#8243; img_size=&#8220;full&#8220; column_number=&#8220;0&#8243; grayscale=&#8220;no&#8220; images_space=&#8220;gallery_without_space&#8220;][vc_separator type=&#8220;transparent&#8220; thickness=&#8220;10px&#8220;][vc_column_text]</p>
<p style="text-align: left;"><strong>TINA SOCCIO<br />
Reiseberaterin</strong></p>
<p>&nbsp;</p>
<p>Tel. 0611 – 97 444 – 12<br />
<a href="mailto:Tina.Soccio@reisecenter-michel.de">Tina.Soccio@reisecenter-michel.de</a></p>
<p style="text-align: left;">Ich bin für Sie an folgenden Tagen da:<br />
Montag &amp; Mittwoch:<br />
10:00 Uhr &#8211; 17:00 Uhr<br />
Dienstag, Donnerstag &amp; Freitag:<br />
10:00 Uhr &#8211; 16:00 Uhr</p>
<p> [/vc_column_text][/vc_column_inner][/vc_row_inner][/vc_column][/vc_row][vc_row css_animation=&#8220;&#8220; row_type=&#8220;row&#8220; use_row_as_full_screen_section=&#8220;no&#8220; type=&#8220;grid&#8220; anchor=&#8220;portfolio&#8220; angled_section=&#8220;no&#8220; text_align=&#8220;left&#8220; background_image_as_pattern=&#8220;without_pattern&#8220; background_color=&#8220;#ffffff&#8220; border_color=&#8220;#efefef&#8220; padding_top=&#8220;20&#8243; padding_bottom=&#8220;0&#8243; css=&#8220;.vc_custom_1445332904853{margin-bottom: 30px !important;background-color: #ffffff !important;border-color: #ffffff !important;}&#8220;][vc_column][vc_row_inner row_type=&#8220;row&#8220; type=&#8220;full_width&#8220; text_align=&#8220;left&#8220; css_animation=&#8220;&#8220; css=&#8220;.vc_custom_1445246945896{background-color: #ffffff !important;}&#8220;][vc_column_inner width=&#8220;1/3&#8243; css=&#8220;.vc_custom_1445330634676{margin-bottom: 10px !important;}&#8220;][vc_gallery type=&#8220;image_grid&#8220; images=&#8220;16863&#8243; img_size=&#8220;full&#8220; column_number=&#8220;0&#8243; grayscale=&#8220;no&#8220; images_space=&#8220;gallery_without_space&#8220;][/vc_column_inner][vc_column_inner width=&#8220;1/3&#8243; css=&#8220;.vc_custom_1445330642699{margin-bottom: 10px !important;}&#8220;][vc_gallery type=&#8220;image_grid&#8220; images=&#8220;23520&#8243; img_size=&#8220;full&#8220; column_number=&#8220;0&#8243; grayscale=&#8220;no&#8220; images_space=&#8220;gallery_without_space&#8220;][/vc_column_inner][vc_column_inner width=&#8220;1/3&#8243; css=&#8220;.vc_custom_1445330648691{margin-bottom: 10px !important;}&#8220;][vc_gallery type=&#8220;image_grid&#8220; images=&#8220;16864&#8243; img_size=&#8220;full&#8220; column_number=&#8220;0&#8243; grayscale=&#8220;no&#8220; images_space=&#8220;gallery_without_space&#8220;][/vc_column_inner][/vc_row_inner][vc_separator type=&#8220;transparent&#8220; up=&#8220;12&#8243; down=&#8220;8&#8243;][vc_column_text]</p>
<p>Unser Reisebüro befindet sich im Zentrum von Wiesbaden-Biebrich. Unsere komplett sanierten, klimatisierten Altbauräume mit hellen, mediterranen Farben und geschmackvoller Einrichtung sind der ideale Ort, um in entspannter Atmosphäre Urlaubsstimmung aufkommen zu lassen. Besuchen Sie uns und lassen Sie sich von unseren zahlreichen Urlaubsangeboten inspirieren!</p>
<p>[/vc_column_text][vc_separator type=&#8220;transparent&#8220; up=&#8220;12&#8243; down=&#8220;8&#8243;][vc_column_text]</p>
<p>Nach der freundlichen Begrüssung  nehmen wir uns ausreichend Zeit für Sie und Ihre persönliche Beratung. Falls es zu einer kurzen Wartezeit kommen sollte, haben Sie die Möglichkeit, bei einem Getränk bereits ein bisschen in unseren Angeboten zu stöbern. Anschließend werden Sie von ihrem Wunschberater zu einem unserer Beratungstische geführt. Somit garantieren wir Ihnen die angemessene Privatsphäre für ein individuelles Beratungsggespräch.</p>
<p>[/vc_column_text][vc_separator type=&#8220;transparent&#8220; up=&#8220;12&#8243; down=&#8220;8&#8243;][vc_column_text]</p>
<p>Nutzen Sie die Chance, vorab einen Beratungstermin mit uns zu vereinbaren, damit wir uns bestmöglich auf die Zeit mit Ihnen vorbereiten können und Sie keine unnötigen Wartezeiten haben. <strong><em>Wir freuen uns auf Sie!</em></strong></p>
<p>[/vc_column_text][/vc_column][/vc_row][vc_row css_animation=&#8220;&#8220; row_type=&#8220;row&#8220; use_row_as_full_screen_section=&#8220;no&#8220; type=&#8220;grid&#8220; angled_section=&#8220;no&#8220; text_align=&#8220;left&#8220; background_image_as_pattern=&#8220;without_pattern&#8220; background_color=&#8220;#729fc9&#8243;][vc_column][vc_row_inner row_type=&#8220;row&#8220; type=&#8220;full_width&#8220; text_align=&#8220;center&#8220; css_animation=&#8220;&#8220; padding=&#8220;5&#8243;][vc_column_inner width=&#8220;3/4&#8243;][vc_separator type=&#8220;transparent&#8220; up=&#8220;20&#8243; down=&#8220;0&#8243;][vc_column_text css=&#8220;.vc_custom_1620752958923{padding-top: 0px !important;padding-bottom: 30px !important;}&#8220;]</p>
<h4 style="margin-top: 10px; font-size: 15px; text-align: left;"><span style="color: #ffffff;"><strong>Telefon: 0611 &#8211; 9 74 44-0</strong></span></h4>
<h4 style="margin-top: 10px; font-size: 15px; text-align: left;"><span style="color: #ffffff;"><strong>E-Mail: info@reisecenter-michel.de</strong></span></h4>
<p>[/vc_column_text][/vc_column_inner][vc_column_inner width=&#8220;1/4&#8243;][vc_separator type=&#8220;transparent&#8220; up=&#8220;38&#8243; down=&#8220;0&#8243;]<a  itemprop="url" href="mailto:info@reisecenter-michel.de" target="_self" data-hover-background-color=#f9f9f9 data-hover-border-color=#f9f9f9 data-hover-color=#000000 class="qbutton  default" style="color: #000000; border-color: #ffffff; background-color: #ffffff;">KONTAKT AUFNEHMEN!</a>[vc_separator type=&#8220;transparent&#8220; up=&#8220;42&#8243; down=&#8220;0&#8243;][/vc_column_inner][/vc_row_inner][/vc_column][/vc_row]</p>

<p>[vc_row css_animation=&#8220;&#8220; row_type=&#8220;row&#8220; use_row_as_full_screen_section=&#8220;no&#8220; type=&#8220;full_width&#8220; angled_section=&#8220;no&#8220; text_align=&#8220;left&#8220; background_image_as_pattern=&#8220;without_pattern&#8220; css=&#8220;.vc_custom_1445330233824{background-color: #729fc9 !important;}&#8220;][vc_column][vc_column_text] [/vc_column_text][/vc_column][/vc_row][vc_row css_animation=&#8220;&#8220; row_type=&#8220;row&#8220; use_row_as_full_screen_section=&#8220;no&#8220; type=&#8220;grid&#8220; angled_section=&#8220;no&#8220; text_align=&#8220;center&#8220; background_image_as_pattern=&#8220;without_pattern&#8220; css=&#8220;.vc_custom_1445342577367{margin-top: 10px !important;padding-top: 20px !important;padding-bottom: 20px !important;background-color: #729fc9 !important;}&#8220;][vc_column][vc_column_text]Wir vom TUI TRAVELStar RCM &#8211; Ihr Reisecenter Michel GmbH sind Ihre kompetenten Ansprechpartner für die Planung und&#8230;</p>
